{"id":1002,"date":"2021-04-18T09:31:21","date_gmt":"2021-04-18T09:31:21","guid":{"rendered":"http:\/\/homybest.com\/?post_type=product&#038;p=1002"},"modified":"2021-07-24T12:50:12","modified_gmt":"2021-07-24T12:50:12","slug":"pandora-bedroom-set-glass-door-dresser","status":"publish","type":"product","link":"https:\/\/homybest.com\/?product=pandora-bedroom-set-glass-door-dresser","title":{"rendered":"Pandora Bedroom Set Glass Door Dresser"},"content":{"rendered":"<table class=\"table\">\n<tbody id=\"producttables\" class=\"desctab\">\n<tr>\n<td>Set Content<\/td>\n<td>Wardrobe (3 parts with different interior ), 1 x Bed(matress not included), 2 x Comodee\u00a0 ve 1 x Dresser<\/td>\n<\/tr>\n<tr>\n<td>Bed Head<\/td>\n<td>\u00a0With Fabric Surface<\/td>\n<\/tr>\n<tr>\n<td>Bed Type<\/td>\n<td>Over the Floor<\/td>\n<\/tr>\n<tr>\n<td>Bed Size<\/td>\n<td>160 x 200 cm<\/td>\n<\/tr>\n<tr>\n<td>Wardobe Material<\/td>\n<td>Carcass 18 mm Walnut Color melamine faced chipboard panel, doors made from black metal frame and reflective glasses. Metal Handles.<\/td>\n<\/tr>\n<tr>\n<td>Wardrobe Door Function<\/td>\n<td>Doors opening with hinge , wardrobe glasses are black but looks in the Mente\u015fe kapaklardan olu\u015fmaktad\u0131r. Gard\u0131rop camlar\u0131 sar\u0131 de\u011fildir, i\u00e7inde led lamba bulunmaktad\u0131r. Lambalar yand\u0131\u011f\u0131ndan dolay\u0131 camlar\u0131n rengi sar\u0131 gibi durmaktad\u0131r.<\/td>\n<\/tr>\n<tr>\n<td>Comodee Material<\/td>\n<td>Carcass 18 mm Walnut Color melamine faced chipboard panel, top surface made from painted glass . Metal Handles.<\/td>\n<\/tr>\n<tr>\n<td>Dresser Material<\/td>\n<td>Carcass and front surfaces 18 mm Walnut Color melamine faced chipboard panel,top surface made from painted glass,legs and handles\u00a0 made from black metal.Mirror in the photo used for decorative purpose not included the set price.<\/td>\n<\/tr>\n<tr>\n<td>Bed Base Material<\/td>\n<td>All made from Aluminum Hollow core profile.<\/td>\n<\/tr>\n<tr>\n<td>Bed Base Function<\/td>\n<td>Bed Base has the option to be storage area inside.<\/td>\n<\/tr>\n<tr>\n<td>Bed Base Spec.<\/td>\n<td>Bazalarda iki adet mukavemetli amortis\u00f6r ve iki adet stoplama sistemi bulunmaktad\u0131r. Baza demiri tek par\u00e7ad\u0131r.<\/td>\n<\/tr>\n<tr>\n<td>Additional Info<\/td>\n<td>Mirror over the Dresser not included the set price<br \/>\nWardrobe doors has the LED light sensor , when doors open up light will work.<\/td>\n<\/tr>\n<tr>\n<td>Delivery Time<\/td>\n<td>20 days to HomyBest Warehouse<\/td>\n<\/tr>\n<\/tbody>\n<\/table>\n<table class=\"table product-feature\">\n<tbody>\n<tr>\n<th>Sizes (Width-Depth-Height)<\/th>\n<th><\/th>\n<th><\/th>\n<\/tr>\n<tr>\n<th>Bed<\/th>\n<td>176 cm<\/td>\n<td>214 cm<\/td>\n<td>105 cm<\/td>\n<\/tr>\n<tr>\n<th>Wardrobe (3 part in the set)<\/th>\n<td>225 cm<\/td>\n<td>64 cm<\/td>\n<td>230 cm<\/td>\n<\/tr>\n<tr>\n<th>Wardrobe part1 with drawer<\/th>\n<td>90 cm<\/td>\n<td>64 cm<\/td>\n<td>230 cm<\/td>\n<\/tr>\n<tr>\n<th>Wardrobe part2 with Trouser Rack<\/th>\n<td>90 cm<\/td>\n<td>64 cm<\/td>\n<td>230 cm<\/td>\n<\/tr>\n<tr>\n<th>Wardrobe part3 with Sehlf<\/th>\n<td>45 cm<\/td>\n<td>64 cm<\/td>\n<td>230 cm<\/td>\n<\/tr>\n<tr>\n<th>Wardrobe corner option<\/th>\n<td>96 cm<\/td>\n<td>96 cm<\/td>\n<td>230 cm<\/td>\n<\/tr>\n<tr>\n<th>Wardrobe 2 door 2 shelf option<\/th>\n<td>90 cm<\/td>\n<td>64 cm<\/td>\n<td>230 cm<\/td>\n<\/tr>\n<tr>\n<th>Comodee<\/th>\n<td>55 cm<\/td>\n<td>45 cm<\/td>\n<td>36 cm<\/td>\n<\/tr>\n<tr>\n<th>Dresser<\/th>\n<td>110 cm<\/td>\n<td>45 cm<\/td>\n<td>80 cm<\/td>\n<\/tr>\n<\/tbody>\n<\/table>\n","protected":false},"excerpt":{"rendered":"<p>Set Content Wardrobe (3 parts with different interior ), 1 x Bed(matress not included), 2 x Comodee\u00a0 ve 1 x Dresser Bed Head \u00a0With Fabric Surface Bed Type Over the Floor Bed Size 160 x 200 cm Wardobe Material Carcass 18 mm Walnut Color melamine faced chipboard panel, doors made from black metal frame and&hellip;<\/p>\n","protected":false},"featured_media":1003,"comment_status":"open","ping_status":"closed","template":"","meta":[],"yoast_head":"<!-- This site is optimized with the Yoast SEO plugin v16.4 - https:\/\/yoast.com\/wordpress\/plugins\/seo\/ -->\n<title>Pandora Bedroom Set Glass Door Dresser - Homybest<\/title>\n<meta name=\"robots\" content=\"index, follow, max-snippet:-1, max-image-preview:large, max-video-preview:-1\" \/>\n<link rel=\"canonical\" href=\"https:\/\/homybest.com\/?product=pandora-bedroom-set-glass-door-dresser\" \/>\n<meta property=\"og:locale\" content=\"en_US\" \/>\n<meta property=\"og:type\" content=\"article\" \/>\n<meta property=\"og:title\" content=\"Pandora Bedroom Set Glass Door Dresser - Homybest\" \/>\n<meta property=\"og:description\" content=\"Set Content Wardrobe (3 parts with different interior ), 1 x Bed(matress not included), 2 x Comodee\u00a0 ve 1 x Dresser Bed Head \u00a0With Fabric Surface Bed Type Over the Floor Bed Size 160 x 200 cm Wardobe Material Carcass 18 mm Walnut Color melamine faced chipboard panel, doors made from black metal frame and&hellip;\" \/>\n<meta property=\"og:url\" content=\"https:\/\/homybest.com\/?product=pandora-bedroom-set-glass-door-dresser\" \/>\n<meta property=\"og:site_name\" content=\"Homybest\" \/>\n<meta property=\"article:publisher\" content=\"https:\/\/www.facebook.com\/homybest\" \/>\n<meta property=\"article:modified_time\" content=\"2021-07-24T12:50:12+00:00\" \/>\n<meta property=\"og:image\" content=\"http:\/\/homybest.com\/wp-content\/uploads\/2021\/04\/YL8-130-w.jpg\" \/>\n\t<meta property=\"og:image:width\" content=\"1069\" \/>\n\t<meta property=\"og:image:height\" content=\"565\" \/>\n<meta name=\"twitter:card\" content=\"summary_large_image\" \/>\n<meta name=\"twitter:label1\" content=\"Est. reading time\" \/>\n\t<meta name=\"twitter:data1\" content=\"1 minute\" \/>\n<script type=\"application\/ld+json\" class=\"yoast-schema-graph\">{\"@context\":\"https:\/\/schema.org\",\"@graph\":[{\"@type\":\"Organization\",\"@id\":\"https:\/\/homybest.com\/#organization\",\"name\":\"HomyBest\",\"url\":\"https:\/\/homybest.com\/\",\"sameAs\":[\"https:\/\/www.facebook.com\/homybest\",\"https:\/\/www.instagram.com\/homybestfurniture\/\"],\"logo\":{\"@type\":\"ImageObject\",\"@id\":\"https:\/\/homybest.com\/#logo\",\"inLanguage\":\"en-US\",\"url\":\"http:\/\/homybest.com\/wp-content\/uploads\/2021\/03\/minilogo.png\",\"contentUrl\":\"http:\/\/homybest.com\/wp-content\/uploads\/2021\/03\/minilogo.png\",\"width\":512,\"height\":513,\"caption\":\"HomyBest\"},\"image\":{\"@id\":\"https:\/\/homybest.com\/#logo\"}},{\"@type\":\"WebSite\",\"@id\":\"https:\/\/homybest.com\/#website\",\"url\":\"https:\/\/homybest.com\/\",\"name\":\"Homybest\",\"description\":\"Turkish Furniture Worldwide\",\"publisher\":{\"@id\":\"https:\/\/homybest.com\/#organization\"},\"potentialAction\":[{\"@type\":\"SearchAction\",\"target\":\"https:\/\/homybest.com\/?s={search_term_string}\",\"query-input\":\"required name=search_term_string\"}],\"inLanguage\":\"en-US\"},{\"@type\":\"ImageObject\",\"@id\":\"https:\/\/homybest.com\/?product=pandora-bedroom-set-glass-door-dresser#primaryimage\",\"inLanguage\":\"en-US\",\"url\":\"https:\/\/homybest.com\/wp-content\/uploads\/2021\/04\/YL8-130-w.jpg\",\"contentUrl\":\"https:\/\/homybest.com\/wp-content\/uploads\/2021\/04\/YL8-130-w.jpg\",\"width\":1069,\"height\":565},{\"@type\":\"WebPage\",\"@id\":\"https:\/\/homybest.com\/?product=pandora-bedroom-set-glass-door-dresser#webpage\",\"url\":\"https:\/\/homybest.com\/?product=pandora-bedroom-set-glass-door-dresser\",\"name\":\"Pandora Bedroom Set Glass Door Dresser - Homybest\",\"isPartOf\":{\"@id\":\"https:\/\/homybest.com\/#website\"},\"primaryImageOfPage\":{\"@id\":\"https:\/\/homybest.com\/?product=pandora-bedroom-set-glass-door-dresser#primaryimage\"},\"datePublished\":\"2021-04-18T09:31:21+00:00\",\"dateModified\":\"2021-07-24T12:50:12+00:00\",\"breadcrumb\":{\"@id\":\"https:\/\/homybest.com\/?product=pandora-bedroom-set-glass-door-dresser#breadcrumb\"},\"inLanguage\":\"en-US\",\"potentialAction\":[{\"@type\":\"ReadAction\",\"target\":[\"https:\/\/homybest.com\/?product=pandora-bedroom-set-glass-door-dresser\"]}]},{\"@type\":\"BreadcrumbList\",\"@id\":\"https:\/\/homybest.com\/?product=pandora-bedroom-set-glass-door-dresser#breadcrumb\",\"itemListElement\":[{\"@type\":\"ListItem\",\"position\":1,\"item\":{\"@type\":\"WebPage\",\"@id\":\"https:\/\/homybest.com\/\",\"url\":\"https:\/\/homybest.com\/\",\"name\":\"Home\"}},{\"@type\":\"ListItem\",\"position\":2,\"item\":{\"@type\":\"WebPage\",\"@id\":\"https:\/\/homybest.com\/?page_id=753\",\"url\":\"https:\/\/homybest.com\/?page_id=753\",\"name\":\"Shop\"}},{\"@type\":\"ListItem\",\"position\":3,\"item\":{\"@id\":\"https:\/\/homybest.com\/?product=pandora-bedroom-set-glass-door-dresser#webpage\"}}]}]}<\/script>\n<!-- \/ Yoast SEO plugin. -->","_links":{"self":[{"href":"https:\/\/homybest.com\/index.php?rest_route=\/wp\/v2\/product\/1002"}],"collection":[{"href":"https:\/\/homybest.com\/index.php?rest_route=\/wp\/v2\/product"}],"about":[{"href":"https:\/\/homybest.com\/index.php?rest_route=\/wp\/v2\/types\/product"}],"replies":[{"embeddable":true,"href":"https:\/\/homybest.com\/index.php?rest_route=%2Fwp%2Fv2%2Fcomments&post=1002"}],"wp:featuredmedia":[{"embeddable":true,"href":"https:\/\/homybest.com\/index.php?rest_route=\/wp\/v2\/media\/1003"}],"wp:attachment":[{"href":"https:\/\/homybest.com\/index.php?rest_route=%2Fwp%2Fv2%2Fmedia&parent=1002"}],"curies":[{"name":"wp","href":"https:\/\/api.w.org\/{rel}","templated":true}]}}